{"id":16,"date":"2013-04-25T13:04:14","date_gmt":"2013-04-25T11:04:14","guid":{"rendered":"http:\/\/docsites.cgmlife.com\/christianemueller\/?page_id=16"},"modified":"2013-05-30T22:22:19","modified_gmt":"2013-05-30T20:22:19","slug":"start","status":"publish","type":"page","link":"https:\/\/docsites.cgmlife.com\/137053332950\/","title":{"rendered":"Start"},"content":{"rendered":"<h1>Herzlich Willkommen in unserer virtuellen Praxis.<\/h1>\n<p>\nWillkommen auf der Internetseite von Dr. med.\u00a0Uwe Pscheidl in Zossen OT W\u00fcnsdorf. Wir w\u00fcnschen Ihnen einen \u00fcbersichtlichen und informativen Aufenthalt.\u00dcber die Hauptmen\u00fc-Punkte k\u00f6nnen Sie Informationen \u00fcber unsere M\u00f6glichkeiten, unsere Praxis, das Team, Services und nat\u00fcrlich die Lage der Praxis abrufen.Sie k\u00f6nnen auch u. a. einen online-Termin buchen, Daf\u00fcr ben\u00f6tigen Sie den kostenlosen\u00a0<a href=\"http:\/\/get.adobe.com\/de\/flashplayer\/\" target=\"browseedit\">Flash Player<\/a>\u00a0von Adobe, welcher bereits auf 98% aller internetf\u00e4higen Computern installiert ist.<\/p>\n","protected":false},"excerpt":{"rendered":"<p>Herzlich Willkommen in unserer virtuellen Praxis. Willkommen auf der Internetseite von Dr. med.\u00a0Uwe Pscheidl in Zossen OT W\u00fcnsdorf. Wir w\u00fcnschen Ihnen einen \u00fcbersichtlichen und informativen Aufenthalt.\u00dcber die Hauptmen\u00fc-Punkte k\u00f6nnen Sie Informationen \u00fcber unsere M\u00f6glichkeiten, unsere Praxis, das Team, Services und nat\u00fcrlich die Lage der Praxis abrufen.Sie k\u00f6nnen auch u. a. einen online-Termin buchen, Daf\u00fcr ben\u00f6tigen [&hellip;]<\/p>\n","protected":false},"author":126,"featured_media":0,"parent":0,"menu_order":-1,"comment_status":"closed","ping_status":"closed","template":"","meta":{"footnotes":""},"class_list":["post-16","page","type-page","status-publish","hentry"],"_links":{"self":[{"href":"https:\/\/docsites.cgmlife.com\/137053332950\/wp-json\/wp\/v2\/pages\/16","targetHints":{"allow":["GET"]}}],"collection":[{"href":"https:\/\/docsites.cgmlife.com\/137053332950\/wp-json\/wp\/v2\/pages"}],"about":[{"href":"https:\/\/docsites.cgmlife.com\/137053332950\/wp-json\/wp\/v2\/types\/page"}],"author":[{"embeddable":true,"href":"https:\/\/docsites.cgmlife.com\/137053332950\/wp-json\/wp\/v2\/users\/126"}],"replies":[{"embeddable":true,"href":"https:\/\/docsites.cgmlife.com\/137053332950\/wp-json\/wp\/v2\/comments?post=16"}],"version-history":[{"count":0,"href":"https:\/\/docsites.cgmlife.com\/137053332950\/wp-json\/wp\/v2\/pages\/16\/revisions"}],"wp:attachment":[{"href":"https:\/\/docsites.cgmlife.com\/137053332950\/wp-json\/wp\/v2\/media?parent=16"}],"curies":[{"name":"wp","href":"https:\/\/api.w.org\/{rel}","templated":true}]}}