{"id":2,"date":"2013-06-17T09:16:20","date_gmt":"2013-06-17T07:16:20","guid":{"rendered":"http:\/\/docsites.cgmlife.com\/1371460385127\/?page_id=2"},"modified":"2023-01-11T13:17:45","modified_gmt":"2023-01-11T11:17:45","slug":"start","status":"publish","type":"page","link":"https:\/\/docsites.cgmlife.com\/1371460385127\/start\/","title":{"rendered":"Startseite"},"content":{"rendered":"<div id=\"id242\">\n<h1>Herzlich Willkommen in unserer virtuellen Praxis.<\/h1>\n<\/div>\n<div id=\"id1661\">\n<div>\n<p>Willkommen auf der Internetseite unserer M\u00fchlenpraxis Pewsum in Krummh\u00f6rn (Pewsum). Wir w\u00fcnschen Ihnen einen \u00fcbersichtlichen und informativen Aufenthalt.<\/p>\n<p>\u00dcber die Hauptmen\u00fc-Punkte k\u00f6nnen Sie Informationen \u00fcber unsere M\u00f6glichkeiten, unsere Praxis, das Team, Services und nat\u00fcrlich die Lage der Praxis abrufen.<\/p>\n<p>Sie k\u00f6nnen auch u. a. einen online-Termin buchen.<\/p>\n<\/div>\n<\/div>\n","protected":false},"excerpt":{"rendered":"<p>Herzlich Willkommen in unserer virtuellen Praxis. Willkommen auf der Internetseite unserer M\u00fchlenpraxis Pewsum in Krummh\u00f6rn (Pewsum). Wir w\u00fcnschen Ihnen einen \u00fcbersichtlichen und informativen Aufenthalt. \u00dcber die Hauptmen\u00fc-Punkte k\u00f6nnen Sie Informationen \u00fcber unsere M\u00f6glichkeiten, unsere Praxis, das Team, Services und nat\u00fcrlich die Lage der Praxis abrufen. Sie k\u00f6nnen auch u. a. einen online-Termin buchen.<\/p>\n","protected":false},"author":135,"featured_media":0,"parent":0,"menu_order":1,"comment_status":"closed","ping_status":"closed","template":"","meta":{"footnotes":""},"class_list":["post-2","page","type-page","status-publish","hentry"],"_links":{"self":[{"href":"https:\/\/docsites.cgmlife.com\/1371460385127\/wp-json\/wp\/v2\/pages\/2","targetHints":{"allow":["GET"]}}],"collection":[{"href":"https:\/\/docsites.cgmlife.com\/1371460385127\/wp-json\/wp\/v2\/pages"}],"about":[{"href":"https:\/\/docsites.cgmlife.com\/1371460385127\/wp-json\/wp\/v2\/types\/page"}],"author":[{"embeddable":true,"href":"https:\/\/docsites.cgmlife.com\/1371460385127\/wp-json\/wp\/v2\/users\/135"}],"replies":[{"embeddable":true,"href":"https:\/\/docsites.cgmlife.com\/1371460385127\/wp-json\/wp\/v2\/comments?post=2"}],"version-history":[{"count":3,"href":"https:\/\/docsites.cgmlife.com\/1371460385127\/wp-json\/wp\/v2\/pages\/2\/revisions"}],"predecessor-version":[{"id":50,"href":"https:\/\/docsites.cgmlife.com\/1371460385127\/wp-json\/wp\/v2\/pages\/2\/revisions\/50"}],"wp:attachment":[{"href":"https:\/\/docsites.cgmlife.com\/1371460385127\/wp-json\/wp\/v2\/media?parent=2"}],"curies":[{"name":"wp","href":"https:\/\/api.w.org\/{rel}","templated":true}]}}