{"id":2,"date":"2013-02-05T09:30:54","date_gmt":"2013-02-05T07:30:54","guid":{"rendered":"http:\/\/docsites.cgmlife.com\/medistar\/?page_id=2"},"modified":"2025-10-16T11:51:43","modified_gmt":"2025-10-16T09:51:43","slug":"beispiel-seite","status":"publish","type":"page","link":"https:\/\/docsites.cgmlife.com\/1372079565127\/","title":{"rendered":"Start"},"content":{"rendered":"<div id=\"id242\">\n<div id=\"id4085\">\n<h1>Herzlich willkommen in der Hausarztpraxis Michael Janka!<\/h1>\n<div>\u00a0<\/div>\n<div>\n<p>Willkommen auf der Internetseite unserer Praxis &#8211; Michael Janka in Teisendorf. Wir w\u00fcnschen Ihnen einen informativen und \u00fcbersichtlichen Aufenthalt.<\/p>\n<p>\u00dcber die Hauptmen\u00fc-Punkte k\u00f6nnen Sie Informationen \u00fcber unsere M\u00f6glichkeiten, unsere Praxis,\u00a0 Services und nat\u00fcrlich die Lage der Praxis abrufen.<\/p>\n<p>F\u00fcr eine bessere Planung bitten wir Sie, wenn Sie einen Termin in der Sprechstunde ben\u00f6tigen, sich vorher telefonisch anzumelden.<\/p>\n<p><span style=\"font-size: medium;background-color: #99cc00\">Wir bem\u00fchen uns, Infektpatienten von anderen Patienten zu trennen, deshalb wird t\u00e4glich <\/span><\/p>\n<p><span style=\"font-size: medium;background-color: #99cc00\">eine Infektsprechstunde eingerichtet, die nach Bedarf gestaltet wird. <\/span><\/p>\n<p>Bitte bringen Sie bei <strong>jedem<\/strong> Praxisbesuch Ihre<strong><span style=\"font-size: medium;text-decoration: underline\"> g\u00fcltige Gesundheitskarte <\/span><\/strong>mit.<\/p>\n<p>Hausbesuche werden bei schwer kranken\u00a0und bettl\u00e4gerigen Patienten\u00a0nach Vereinbarung durchgef\u00fchrt.<\/p>\n<\/div>\n<\/div>\n<div id=\"id29176\">\n<div>\n<table>\n<caption>Sprechzeiten<\/caption>\n<thead>\n<tr>\n<th>\u00a0<\/th>\n<th>Vormittag<\/th>\n<th>Nachmittag<\/th>\n<\/tr>\n<\/thead>\n<tfoot>\n<tr>\n<td>Freitag<\/td>\n<td>07:00 &#8211; 12:00 Uhr<\/td>\n<td>\u00a0<\/td>\n<\/tr>\n<\/tfoot>\n<tbody>\n<tr>\n<td>Montag<\/td>\n<td>07:00 &#8211; 12:00 Uhr<\/td>\n<td>16:00 &#8211; 18:00 Uhr<\/td>\n<\/tr>\n<tr>\n<td>Dienstag<\/td>\n<td>07:00 &#8211; 12:00 Uhr<\/td>\n<td><span style=\"color: #ff0000\"><span style=\"color: #000000\">\u00a0<\/span><\/span><\/td>\n<\/tr>\n<tr>\n<td>Mittwoch<\/td>\n<td><span style=\"color: #ff0000\"><span style=\"color: #000000\">08:00 &#8211; 11:00 Uhr<\/span><\/span><\/td>\n<td>\u00a0<\/td>\n<\/tr>\n<tr>\n<td>Donnerstag<\/td>\n<td>07:00 &#8211; 12:00 Uhr<\/td>\n<td>16:00 &#8211; 18:00 Uhr<\/td>\n<\/tr>\n<\/tbody>\n<\/table>\n<\/div>\n<\/div>\n<\/div>\n\n\n<p><\/p>\n\n\n\n<p><\/p>\n\n\n\n<p class=\"has-text-align-center\"><em><strong><mark class=\"has-inline-color has-vivid-red-color\">Bitte denken Sie an Ihre Grippeschutzimpfung ab Oktober!!! <\/mark><\/strong><\/em><\/p>\n\n\n\n<p><\/p>\n\n\n\n<p><mark style=\"background-color:#fcb900\" class=\"has-inline-color has-black-color\">Kirchweih-Montag, 20.10.25 entf\u00e4llt die Nachmittagssprechstunde!!! <\/mark><\/p>\n\n\n\n<p><\/p>\n","protected":false},"excerpt":{"rendered":"<p>Herzlich willkommen in der Hausarztpraxis Michael Janka! \u00a0 Willkommen auf der Internetseite unserer Praxis &#8211; Michael Janka in Teisendorf. Wir w\u00fcnschen Ihnen einen informativen und \u00fcbersichtlichen Aufenthalt. \u00dcber die Hauptmen\u00fc-Punkte k\u00f6nnen Sie Informationen \u00fcber unsere M\u00f6glichkeiten, unsere Praxis,\u00a0 Services und nat\u00fcrlich die Lage der Praxis abrufen. F\u00fcr eine bessere Planung bitten wir Sie, wenn Sie [&hellip;]<\/p>\n","protected":false},"author":185,"featured_media":0,"parent":0,"menu_order":-1,"comment_status":"closed","ping_status":"closed","template":"","meta":{"footnotes":""},"class_list":["post-2","page","type-page","status-publish","hentry"],"_links":{"self":[{"href":"https:\/\/docsites.cgmlife.com\/1372079565127\/wp-json\/wp\/v2\/pages\/2","targetHints":{"allow":["GET"]}}],"collection":[{"href":"https:\/\/docsites.cgmlife.com\/1372079565127\/wp-json\/wp\/v2\/pages"}],"about":[{"href":"https:\/\/docsites.cgmlife.com\/1372079565127\/wp-json\/wp\/v2\/types\/page"}],"author":[{"embeddable":true,"href":"https:\/\/docsites.cgmlife.com\/1372079565127\/wp-json\/wp\/v2\/users\/185"}],"replies":[{"embeddable":true,"href":"https:\/\/docsites.cgmlife.com\/1372079565127\/wp-json\/wp\/v2\/comments?post=2"}],"version-history":[{"count":51,"href":"https:\/\/docsites.cgmlife.com\/1372079565127\/wp-json\/wp\/v2\/pages\/2\/revisions"}],"predecessor-version":[{"id":671,"href":"https:\/\/docsites.cgmlife.com\/1372079565127\/wp-json\/wp\/v2\/pages\/2\/revisions\/671"}],"wp:attachment":[{"href":"https:\/\/docsites.cgmlife.com\/1372079565127\/wp-json\/wp\/v2\/media?parent=2"}],"curies":[{"name":"wp","href":"https:\/\/api.w.org\/{rel}","templated":true}]}}