{"id":615,"date":"2023-12-29T10:33:05","date_gmt":"2023-12-29T08:33:05","guid":{"rendered":"https:\/\/docsites.cgmlife.com\/1372079565127\/?page_id=615"},"modified":"2023-12-29T10:48:04","modified_gmt":"2023-12-29T08:48:04","slug":"erezept-und-ekrankschreibung","status":"publish","type":"page","link":"https:\/\/docsites.cgmlife.com\/1372079565127\/erezept-und-ekrankschreibung\/","title":{"rendered":"eRezept und eKrankschreibung"},"content":{"rendered":"\n<p><mark style=\"background-color:#abb8c3\" class=\"has-inline-color has-luminous-vivid-orange-color\">Ab 01.01.2024 wird f\u00fcr Kassenpatienten verpflichtend das eRezept und die eKrankmeldung eingef\u00fchrt. <\/mark><\/p>\n\n\n\n<p>Rezepte und Krankmeldungen k\u00f6nnen nur noch ausgestellt werden, wenn Ihre <strong>Versichertenkarte<\/strong> f\u00fcr das <strong>aktuelle Quartal<\/strong> bei uns eingelesen wurde. <\/p>\n\n\n\n<p>Nehmen Sie bitte bei <strong>jedem Arztbesuch<\/strong> Ihre <strong>g\u00fcltige Krankenversichertenkarte <\/strong>mit! <\/p>\n\n\n\n<p>Sollten Sie f\u00fcr<strong> andere Personen<\/strong> ein Rezept oder eine Arbeitsunf\u00e4higkeitsbescheinigung abholen, vergessen Sie bitte nicht, die <strong>Karte des Patienten<\/strong> mitzubringen. <\/p>\n\n\n\n<p>F\u00fcr das <strong>Einl\u00f6sen eines Rezeptes<\/strong> in der Apotheke ben\u00f6tigen Sie ebenfalls eine <strong>Versichertenkarte. <\/strong><\/p>\n\n\n\n<p><\/p>\n\n\n\n<p><\/p>\n\n\n\n<h2 class=\"wp-block-heading\"><\/h2>\n","protected":false},"excerpt":{"rendered":"<p>Ab 01.01.2024 wird f\u00fcr Kassenpatienten verpflichtend das eRezept und die eKrankmeldung eingef\u00fchrt. Rezepte und Krankmeldungen k\u00f6nnen nur noch ausgestellt werden, wenn Ihre Versichertenkarte f\u00fcr das aktuelle Quartal bei uns eingelesen wurde. Nehmen Sie bitte bei jedem Arztbesuch Ihre g\u00fcltige Krankenversichertenkarte mit! Sollten Sie f\u00fcr andere Personen ein Rezept oder eine Arbeitsunf\u00e4higkeitsbescheinigung abholen, vergessen Sie bitte [&hellip;]<\/p>\n","protected":false},"author":185,"featured_media":0,"parent":0,"menu_order":0,"comment_status":"closed","ping_status":"closed","template":"","meta":{"footnotes":""},"class_list":["post-615","page","type-page","status-publish","hentry"],"_links":{"self":[{"href":"https:\/\/docsites.cgmlife.com\/1372079565127\/wp-json\/wp\/v2\/pages\/615","targetHints":{"allow":["GET"]}}],"collection":[{"href":"https:\/\/docsites.cgmlife.com\/1372079565127\/wp-json\/wp\/v2\/pages"}],"about":[{"href":"https:\/\/docsites.cgmlife.com\/1372079565127\/wp-json\/wp\/v2\/types\/page"}],"author":[{"embeddable":true,"href":"https:\/\/docsites.cgmlife.com\/1372079565127\/wp-json\/wp\/v2\/users\/185"}],"replies":[{"embeddable":true,"href":"https:\/\/docsites.cgmlife.com\/1372079565127\/wp-json\/wp\/v2\/comments?post=615"}],"version-history":[{"count":5,"href":"https:\/\/docsites.cgmlife.com\/1372079565127\/wp-json\/wp\/v2\/pages\/615\/revisions"}],"predecessor-version":[{"id":624,"href":"https:\/\/docsites.cgmlife.com\/1372079565127\/wp-json\/wp\/v2\/pages\/615\/revisions\/624"}],"wp:attachment":[{"href":"https:\/\/docsites.cgmlife.com\/1372079565127\/wp-json\/wp\/v2\/media?parent=615"}],"curies":[{"name":"wp","href":"https:\/\/api.w.org\/{rel}","templated":true}]}}