{"id":101,"date":"2013-07-01T13:54:54","date_gmt":"2013-07-01T11:54:54","guid":{"rendered":"http:\/\/docsites.cgmlife.com\/1372678853127\/?page_id=101"},"modified":"2023-06-23T13:12:54","modified_gmt":"2023-06-23T11:12:54","slug":"behandlungsspektrum","status":"publish","type":"page","link":"https:\/\/docsites.cgmlife.com\/1372678853127\/praxis\/behandlungsspektrum\/","title":{"rendered":"Behandlungsspektrum"},"content":{"rendered":"<div id=\"id1983\">\n<h1>Behandlungsspektrum<\/h1>\n<\/div>\n<div id=\"id29174\">\n<div>\n<div>\n<div class=\"advanced_wp_columns_wrapper \" style=\"margin: 0px;padding: 0px;width: 850px\">\n<div class=\"advanced_wp_column \" style=\"float: left;margin: 0px;padding: 0px;width: 415px\"><a href=\"http:\/\/docsites.cgmlife.com\/1372678853127\/wp-content\/uploads\/sites\/170\/2013\/07\/sim_3559288_1350.jpeg\"><img loading=\"lazy\" decoding=\"async\" class=\"size-full wp-image-104 alignnone\" src=\"http:\/\/docsites.cgmlife.com\/1372678853127\/wp-content\/uploads\/sites\/170\/2013\/07\/sim_3559288_1350.jpeg\" alt=\"sim_3559288_1350\" width=\"350\" height=\"200\" srcset=\"https:\/\/docsites.cgmlife.com\/1372678853127\/wp-content\/uploads\/sites\/170\/2013\/07\/sim_3559288_1350.jpeg 350w, https:\/\/docsites.cgmlife.com\/1372678853127\/wp-content\/uploads\/sites\/170\/2013\/07\/sim_3559288_1350-300x171.jpeg 300w\" sizes=\"auto, (max-width: 350px) 100vw, 350px\" \/><\/a><\/div>\n<div class=\"advanced_wp_gutter \" style=\"float: left;margin: 0px;padding: 0px;width: 20px\"><img decoding=\"async\" style=\"border: none\" src=\"https:\/\/docsites.cgmlife.com\/1372678853127\/wp-content\/plugins\/advanced-wp-columns\/images\/1x1-pixel.png\" alt=\"\" border=\"0\" \/><\/div>\n<div class=\"advanced_wp_column \" style=\"float: left;margin: 0px;padding: 0px;width: 415px\"><a href=\"http:\/\/docsites.cgmlife.com\/1372678853127\/wp-content\/uploads\/sites\/170\/2013\/07\/sim_8188000_1351.jpeg\"><img loading=\"lazy\" decoding=\"async\" class=\"size-full wp-image-103 alignnone\" src=\"http:\/\/docsites.cgmlife.com\/1372678853127\/wp-content\/uploads\/sites\/170\/2013\/07\/sim_8188000_1351.jpeg\" alt=\"sim_8188000_1351\" width=\"350\" height=\"200\" srcset=\"https:\/\/docsites.cgmlife.com\/1372678853127\/wp-content\/uploads\/sites\/170\/2013\/07\/sim_8188000_1351.jpeg 350w, https:\/\/docsites.cgmlife.com\/1372678853127\/wp-content\/uploads\/sites\/170\/2013\/07\/sim_8188000_1351-300x171.jpeg 300w\" sizes=\"auto, (max-width: 350px) 100vw, 350px\" \/><\/a><\/div>\n<div style=\"clear: both\"><img decoding=\"async\" style=\"border: none\" src=\"https:\/\/docsites.cgmlife.com\/1372678853127\/wp-content\/plugins\/advanced-wp-columns\/images\/1x1-pixel.png\" alt=\"\" border=\"0\" \/><\/div>\n<\/div>\n<\/div>\n<\/div>\n<div><\/div>\n<\/div>\n<div id=\"id29416\">\n<div>\n<p>Innerhalb des Spektrums einer modernen allgemeinmedizinischen Sprechstunde m\u00f6chte ich folgende Untersuchungen und Behandlungen gesondert erw\u00e4hnen:<\/p>\n<p>\u2022EKG in Ruhe und nach Belastung (Bitte verlangen Sie zum Belastungs-EKG unser spezielles Infoblatt)<br \/>\n\u2022Ultraschalluntersuchung (Sonographie)<br \/>\n\u2022Lungenfunktionsuntersuchung<br \/>\n\u2022Labor: Untersuchungen von Blut, Urin etc.<br \/>\n\u2022Gesundheitsvorsorge (Check-up)<br \/>\n\u2022Elektrotherapie<br \/>\n\u2022Chirotherapie (Manuelle Therapie)<br \/>\n\u2022Akupunktur<br \/>\n\u2022Sportmedizinische Untersuchungen und Behandlungen<br \/>\n\u2022Kleinere chirurgische Eingriffe<br \/>\n\u2022Atteste<br \/>\n\u2022Kur- und Rentenantr\u00e4ge<br \/>\n\u2022Jugend- und Arbeitsschutzuntersuchungen<br \/>\n\u2022Vorsorge<br \/>\n\u2022Infusionen, Aderla\u00df<br \/>\n<strong>Termine:<\/strong><\/p>\n<p>Wir vergeben grunds\u00e4tzlich Termine. Sie k\u00f6nnen damit Ihren Besuch bei mir in Ihr Tagesprogamm einplanen. L\u00e4stige Wartezeiten entfallen dadurch weitestgehend.<\/p>\n<p>Das Wesen einer \u00e4rztlichen Behandlung bringt es mit sich, da\u00df die zeitliche Inanspruchnahme nicht auf die Minute geplant werden kann. K\u00fcrzere Wartezeiten k\u00f6nnen daher nicht ganz vermieden werden.<\/p>\n<p>Die Helferinnen sind angewiesen, sie zu informieren, falls der Termin mehr als 15 Minuten \u00fcberschritten werden sollte. Es steht Ihnen frei sich selbst dar\u00fcber zu informieren, wie exakt der Termin gehalten werden kann.<\/p>\n<p>Grunds\u00e4tzlich werden Sie an dem Tag behandelt, an dem Sie dies w\u00fcnschen! Falls alle vorgesehenen Termine an diesem Tag schon vergeben sind, sind wir darauf vorbereitet, weitere Sprechstundenzeiten f\u00fcr sie einzurichten.<\/p>\n<p>Sprechstunden sind montags bis freitags von 8.00 bis 12.00 Uhr, Montag- und Donnerstagnachmittag von 17.00 bis 19.00 Uhr, sowie Dienstagnachmittag von 14.00 bis 16.00 Uhr.<\/p>\n<p>Au\u00dferhalb der Sprechzeiten erfahren Sie \u00fcber den Anrufbeantworter, wie Sie mich oder weiteren Hilfe erreichen k\u00f6nnen.<\/p>\n<\/div>\n<\/div>\n","protected":false},"excerpt":{"rendered":"<p>Behandlungsspektrum Innerhalb des Spektrums einer modernen allgemeinmedizinischen Sprechstunde m\u00f6chte ich folgende Untersuchungen und Behandlungen gesondert erw\u00e4hnen: \u2022EKG in Ruhe und nach Belastung (Bitte verlangen Sie zum Belastungs-EKG unser spezielles Infoblatt) \u2022Ultraschalluntersuchung (Sonographie) \u2022Lungenfunktionsuntersuchung \u2022Labor: Untersuchungen von Blut, Urin etc. \u2022Gesundheitsvorsorge (Check-up) \u2022Elektrotherapie \u2022Chirotherapie (Manuelle Therapie) \u2022Akupunktur \u2022Sportmedizinische Untersuchungen und Behandlungen \u2022Kleinere chirurgische Eingriffe \u2022Atteste \u2022Kur- [&hellip;]<\/p>\n","protected":false},"author":127,"featured_media":0,"parent":6,"menu_order":1,"comment_status":"closed","ping_status":"closed","template":"","meta":{"footnotes":""},"class_list":["post-101","page","type-page","status-publish","hentry"],"_links":{"self":[{"href":"https:\/\/docsites.cgmlife.com\/1372678853127\/wp-json\/wp\/v2\/pages\/101","targetHints":{"allow":["GET"]}}],"collection":[{"href":"https:\/\/docsites.cgmlife.com\/1372678853127\/wp-json\/wp\/v2\/pages"}],"about":[{"href":"https:\/\/docsites.cgmlife.com\/1372678853127\/wp-json\/wp\/v2\/types\/page"}],"author":[{"embeddable":true,"href":"https:\/\/docsites.cgmlife.com\/1372678853127\/wp-json\/wp\/v2\/users\/127"}],"replies":[{"embeddable":true,"href":"https:\/\/docsites.cgmlife.com\/1372678853127\/wp-json\/wp\/v2\/comments?post=101"}],"version-history":[{"count":7,"href":"https:\/\/docsites.cgmlife.com\/1372678853127\/wp-json\/wp\/v2\/pages\/101\/revisions"}],"predecessor-version":[{"id":314,"href":"https:\/\/docsites.cgmlife.com\/1372678853127\/wp-json\/wp\/v2\/pages\/101\/revisions\/314"}],"up":[{"embeddable":true,"href":"https:\/\/docsites.cgmlife.com\/1372678853127\/wp-json\/wp\/v2\/pages\/6"}],"wp:attachment":[{"href":"https:\/\/docsites.cgmlife.com\/1372678853127\/wp-json\/wp\/v2\/media?parent=101"}],"curies":[{"name":"wp","href":"https:\/\/api.w.org\/{rel}","templated":true}]}}