{"id":16,"date":"2013-04-25T13:04:14","date_gmt":"2013-04-25T11:04:14","guid":{"rendered":"http:\/\/docsites.cgmlife.com\/christianemueller\/?page_id=16"},"modified":"2023-01-11T18:10:57","modified_gmt":"2023-01-11T16:10:57","slug":"start","status":"publish","type":"page","link":"https:\/\/docsites.cgmlife.com\/1373460858131\/","title":{"rendered":"Start"},"content":{"rendered":"<h1>Herzlich Willkommen in unserer virtuellen Praxis.<\/h1>\n<p>Willkommen auf der Internetseite von Praxis f\u00fcr Zahnheilkunde Doktores Palauneck, Krause und Hayler in R\u00f6dental.<\/p>\n<p>Wir w\u00fcnschen Ihnen einen \u00fcbersichtlichen und informativen Aufenthalt. \u00dcber die Hauptmen\u00fc-Punkte k\u00f6nnen Sie Informationen \u00fcber unsere M\u00f6glichkeiten, unsere Praxis, das Team, Services und nat\u00fcrlich die Lage der Praxis abrufen.<\/p>\n<p>Sie k\u00f6nnen auch u. a. einen <a href=\"https:\/\/docsites.cgmlife.com\/1373460858131\/online-dienste\/\">online-Termin<\/a> buchen.<\/p>\n","protected":false},"excerpt":{"rendered":"<p>Herzlich Willkommen in unserer virtuellen Praxis. Willkommen auf der Internetseite von Praxis f\u00fcr Zahnheilkunde Doktores Palauneck, Krause und Hayler in R\u00f6dental. Wir w\u00fcnschen Ihnen einen \u00fcbersichtlichen und informativen Aufenthalt. \u00dcber die Hauptmen\u00fc-Punkte k\u00f6nnen Sie Informationen \u00fcber unsere M\u00f6glichkeiten, unsere Praxis, das Team, Services und nat\u00fcrlich die Lage der Praxis abrufen. Sie k\u00f6nnen auch u. a. [&hellip;]<\/p>\n","protected":false},"author":298,"featured_media":0,"parent":0,"menu_order":-1,"comment_status":"closed","ping_status":"closed","template":"","meta":{"footnotes":""},"class_list":["post-16","page","type-page","status-publish","hentry"],"_links":{"self":[{"href":"https:\/\/docsites.cgmlife.com\/1373460858131\/wp-json\/wp\/v2\/pages\/16","targetHints":{"allow":["GET"]}}],"collection":[{"href":"https:\/\/docsites.cgmlife.com\/1373460858131\/wp-json\/wp\/v2\/pages"}],"about":[{"href":"https:\/\/docsites.cgmlife.com\/1373460858131\/wp-json\/wp\/v2\/types\/page"}],"author":[{"embeddable":true,"href":"https:\/\/docsites.cgmlife.com\/1373460858131\/wp-json\/wp\/v2\/users\/298"}],"replies":[{"embeddable":true,"href":"https:\/\/docsites.cgmlife.com\/1373460858131\/wp-json\/wp\/v2\/comments?post=16"}],"version-history":[{"count":1,"href":"https:\/\/docsites.cgmlife.com\/1373460858131\/wp-json\/wp\/v2\/pages\/16\/revisions"}],"predecessor-version":[{"id":50,"href":"https:\/\/docsites.cgmlife.com\/1373460858131\/wp-json\/wp\/v2\/pages\/16\/revisions\/50"}],"wp:attachment":[{"href":"https:\/\/docsites.cgmlife.com\/1373460858131\/wp-json\/wp\/v2\/media?parent=16"}],"curies":[{"name":"wp","href":"https:\/\/api.w.org\/{rel}","templated":true}]}}