{"id":159,"date":"2014-10-21T17:35:15","date_gmt":"2014-10-21T15:35:15","guid":{"rendered":"http:\/\/docsites.cgmlife.com\/139168469960\/?page_id=159"},"modified":"2023-10-09T09:37:51","modified_gmt":"2023-10-09T07:37:51","slug":"arztlicher-werdegang","status":"publish","type":"page","link":"https:\/\/docsites.cgmlife.com\/139168469960\/arztlicher-werdegang\/","title":{"rendered":"\u00c4rztlicher Werdegang"},"content":{"rendered":"\n<h2 class=\"wp-block-heading\">Dr. med.M.H. Karim ( Arzt f\u00fcr Naturheilverfahren)<\/h2>\n\n\n\n<ul class=\"wp-block-list\">\n<li>geb. 03.07.1952<\/li>\n\n\n\n<li>verheiratet, f\u00fcnf Kinder<\/li>\n\n\n\n<li>1973 &#8211; Albert Ludwig Universit\u00e4t Freiburg<\/li>\n\n\n\n<li>1979 &#8211; Abschluss mit anschlie\u00dfendem praktischen Jahr<\/li>\n\n\n\n<li>1982 &#8211; Abschluss der Dissertation \/ Anerkennung Dr. med.<\/li>\n\n\n\n<li>1988 &#8211; Erlangung der Berufsbezeichnung : Facharzt f\u00fcr Frauenheilkunde und Geburtshilfe ( \u00c4rztekammer M\u00fcnster)<\/li>\n\n\n\n<li>1993 &#8211; nach weiteren internistischen und chirurgisch-klinischen Weiterbildungen, Erlangung der Berufsbezeichnung : Facharzt f\u00fcr Allgemeinmedizin ( Erlangung&nbsp; der Zusatzbezeichnung &#8222;Naturheilkunde&#8220;)<\/li>\n\n\n\n<li>seit 07\/93 &#8211; vertrags\u00e4rztliche T\u00e4tigkeit zun\u00e4chst alleine in der Praxis im Gr\u00fcnen Weg<\/li>\n\n\n\n<li>seit 2006 &#8211; Erweiterung der T\u00e4tigkeit in Linden Dr.-C.-Otto-Str. 2 in der \u00fcber\u00f6rtlichen Praxis mit Frau Dr. Schmeinck und Frau Dr. K\u00f6tting<\/li>\n<\/ul>\n\n\n\n<h2 class=\"wp-block-heading\">Dr. med. Renate Schmeinck<\/h2>\n\n\n\n<ul class=\"wp-block-list\">\n<li>geb. 17.10.1966<\/li>\n\n\n\n<li>verheiratet, zwei Kinder<\/li>\n\n\n\n<li>1986-93 Studium der Humanmedizin an der Ruhruniversit\u00e4t Bochum<\/li>\n\n\n\n<li>1996 &#8211; Promotion im Fachgebiet Kinderheilkunde<\/li>\n\n\n\n<li>1993-2003 &#8211;&nbsp; Facharztausbildung in dem Gebieten Chirurgie, Innere, P\u00e4diatrie,Geriatrie und Allgemeinmedizin<\/li>\n\n\n\n<li>seit 2005 &#8211; niedergelassene Haus\u00e4rztin in Bochum<\/li>\n<\/ul>\n","protected":false},"excerpt":{"rendered":"<p>Dr. med.M.H. Karim ( Arzt f\u00fcr Naturheilverfahren) Dr. med. Renate Schmeinck<\/p>\n","protected":false},"author":444,"featured_media":0,"parent":0,"menu_order":0,"comment_status":"closed","ping_status":"closed","template":"","meta":{"footnotes":""},"class_list":["post-159","page","type-page","status-publish","hentry"],"_links":{"self":[{"href":"https:\/\/docsites.cgmlife.com\/139168469960\/wp-json\/wp\/v2\/pages\/159","targetHints":{"allow":["GET"]}}],"collection":[{"href":"https:\/\/docsites.cgmlife.com\/139168469960\/wp-json\/wp\/v2\/pages"}],"about":[{"href":"https:\/\/docsites.cgmlife.com\/139168469960\/wp-json\/wp\/v2\/types\/page"}],"author":[{"embeddable":true,"href":"https:\/\/docsites.cgmlife.com\/139168469960\/wp-json\/wp\/v2\/users\/444"}],"replies":[{"embeddable":true,"href":"https:\/\/docsites.cgmlife.com\/139168469960\/wp-json\/wp\/v2\/comments?post=159"}],"version-history":[{"count":9,"href":"https:\/\/docsites.cgmlife.com\/139168469960\/wp-json\/wp\/v2\/pages\/159\/revisions"}],"predecessor-version":[{"id":211,"href":"https:\/\/docsites.cgmlife.com\/139168469960\/wp-json\/wp\/v2\/pages\/159\/revisions\/211"}],"wp:attachment":[{"href":"https:\/\/docsites.cgmlife.com\/139168469960\/wp-json\/wp\/v2\/media?parent=159"}],"curies":[{"name":"wp","href":"https:\/\/api.w.org\/{rel}","templated":true}]}}