{"id":188,"date":"2015-02-28T17:37:49","date_gmt":"2015-02-28T15:37:49","guid":{"rendered":"http:\/\/docsites.cgmlife.com\/142381623143\/?page_id=188"},"modified":"2015-10-10T08:55:33","modified_gmt":"2015-10-10T06:55:33","slug":"leistungsspektrum","status":"publish","type":"page","link":"https:\/\/docsites.cgmlife.com\/142381623143\/praxis-2\/leistungsspektrum\/","title":{"rendered":"Leistungsspektrum"},"content":{"rendered":"<h1>Leistungsspektrum<\/h1>\n<ul>\n<li>Behandlung akuter und chronischer Erkrankungen<\/li>\n<li>Notfallversorgung<\/li>\n<li>Kinder- und Jugendvorsorge U2-U9 und J1<\/li>\n<li>zus\u00e4tzliche Vorsorgeuntersuchungen U7a, U 10, U11, J2<\/li>\n<li>Impfberatung und Impfungen<\/li>\n<li>Laboruntersuchungen (Blutbild, CRP, Urin, Streptokokken-Schnelltest)<\/li>\n<li>EKG<\/li>\n<li>Lungenfunktionsdiagnostik<\/li>\n<li>Allergiediagnostik \/ Prick-Test<\/li>\n<li>Entwicklungstests<\/li>\n<li>Sozialp\u00e4diatrie<\/li>\n<li>Psychosomatische Grundversorgung<\/li>\n<li>H\u00f6rtest \/ Audiometrie<\/li>\n<li>Sehtest: Sehsch\u00e4rfe, Stereosehen, Farbsehen<\/li>\n<li>Ultraschall der Bauchorgane<\/li>\n<li>Ultraschall von Sch\u00e4del und H\u00fcfte bei S\u00e4uglingen<\/li>\n<li>Sportuntersuchung<\/li>\n<li>Reisemedizinische Beratung und Reise-Impfungen<\/li>\n<li>Arbeitstauglichkeitsuntersuchungen<\/li>\n<li>OP-Vorbereitung und OP-Nachsorge<\/li>\n<li>Teilnahme am DMP Asthma<\/li>\n<li>Teilnahme an diversen Vertr\u00e4gen zur hausarztzentrierten Versorgung<\/li>\n<li>Ern\u00e4hrungs- und Stillberatung<\/li>\n<li>Akupunktur<\/li>\n<li>Osteopathie<\/li>\n<\/ul>\n","protected":false},"excerpt":{"rendered":"<p>Leistungsspektrum Behandlung akuter und chronischer Erkrankungen Notfallversorgung Kinder- und Jugendvorsorge U2-U9 und J1 zus\u00e4tzliche Vorsorgeuntersuchungen U7a, U 10, U11, J2 Impfberatung und Impfungen Laboruntersuchungen (Blutbild, CRP, Urin, Streptokokken-Schnelltest) EKG Lungenfunktionsdiagnostik Allergiediagnostik \/ Prick-Test Entwicklungstests Sozialp\u00e4diatrie Psychosomatische Grundversorgung H\u00f6rtest \/ Audiometrie Sehtest: Sehsch\u00e4rfe, Stereosehen, Farbsehen Ultraschall der Bauchorgane Ultraschall von Sch\u00e4del und H\u00fcfte bei S\u00e4uglingen Sportuntersuchung [&hellip;]<\/p>\n","protected":false},"author":568,"featured_media":0,"parent":182,"menu_order":105,"comment_status":"closed","ping_status":"closed","template":"","meta":{"footnotes":""},"class_list":["post-188","page","type-page","status-publish","hentry"],"_links":{"self":[{"href":"https:\/\/docsites.cgmlife.com\/142381623143\/wp-json\/wp\/v2\/pages\/188","targetHints":{"allow":["GET"]}}],"collection":[{"href":"https:\/\/docsites.cgmlife.com\/142381623143\/wp-json\/wp\/v2\/pages"}],"about":[{"href":"https:\/\/docsites.cgmlife.com\/142381623143\/wp-json\/wp\/v2\/types\/page"}],"author":[{"embeddable":true,"href":"https:\/\/docsites.cgmlife.com\/142381623143\/wp-json\/wp\/v2\/users\/568"}],"replies":[{"embeddable":true,"href":"https:\/\/docsites.cgmlife.com\/142381623143\/wp-json\/wp\/v2\/comments?post=188"}],"version-history":[{"count":8,"href":"https:\/\/docsites.cgmlife.com\/142381623143\/wp-json\/wp\/v2\/pages\/188\/revisions"}],"predecessor-version":[{"id":190,"href":"https:\/\/docsites.cgmlife.com\/142381623143\/wp-json\/wp\/v2\/pages\/188\/revisions\/190"}],"up":[{"embeddable":true,"href":"https:\/\/docsites.cgmlife.com\/142381623143\/wp-json\/wp\/v2\/pages\/182"}],"wp:attachment":[{"href":"https:\/\/docsites.cgmlife.com\/142381623143\/wp-json\/wp\/v2\/media?parent=188"}],"curies":[{"name":"wp","href":"https:\/\/api.w.org\/{rel}","templated":true}]}}