{"id":2,"date":"2013-10-22T09:30:54","date_gmt":"2013-10-22T07:30:54","guid":{"rendered":"http:\/\/docsites.cgmlife.com\/medistar\/?page_id=2"},"modified":"2015-07-03T12:58:57","modified_gmt":"2015-07-03T10:58:57","slug":"beispiel-seite","status":"publish","type":"page","link":"https:\/\/docsites.cgmlife.com\/1426002856383\/","title":{"rendered":"HOME"},"content":{"rendered":"<div id=\"id242\">\n<h1><\/h1>\n<address style=\"text-align: right\"><span style=\"font-size: medium\"><i>Figlio, non trascurarti nella malattia, <\/i><\/span><\/address>\n<address style=\"text-align: right\"><span style=\"font-size: medium\"><i>ma prega il Signore ed Egli ti guarir\u00e0. <\/i><\/span><\/address>\n<address style=\"text-align: right\"><span style=\"font-size: medium\"><i>Poi ricorri pure al medico, <\/i><\/span><\/address>\n<address style=\"text-align: right\"><span style=\"font-size: medium\"><i>perch\u00e9 il Signore ha creato anche lui: <\/i><\/span><\/address>\n<address style=\"text-align: right\"><span style=\"font-size: medium\"><i>non stia lontano da te, poich\u00e9 c\u2019\u00e8 bisogno di lui.<\/i><\/span><\/address>\n<address style=\"text-align: right\"><span style=\"font-size: medium\"><i>\u00a0<\/i><i>(Siracide 38, 9-12)<\/i><\/span><\/address>\n<h1 style=\"text-align: right\"><\/h1>\n<h1><\/h1>\n<h1>Benvenuti sul sito<\/h1>\n<h1>&#8220;Studio di Medicina Generale&#8221;<\/h1>\n<h1>del dott. Giuseppe Caruso<\/h1>\n<p>&nbsp;<\/p>\n<\/div>\n<div id=\"id1661\">\n<div><span style=\"font-size: large\">Vi auguriamo una fruizione dei contenuti chiara ed intuitiva.<\/span><\/div>\n<div><\/div>\n<div><span style=\"font-size: large\">Navigando nel men\u00f9 principale \u00e8 possibile ottenere informazioni in merito alle nostre potenzialit\u00e0, al nostro studio, ai servizi offerti e, naturalmente, anche notizie circa l&#8217;ubicazione dello studio.<\/span><\/div>\n<div><\/div>\n<div><span style=\"font-size: large\">Entrando nella sezione servizi online \u00e9 possibile richiedere prescrizioni ripetitive.<\/span><\/div>\n<div><\/div>\n<\/div>\n","protected":false},"excerpt":{"rendered":"<p>Figlio, non trascurarti nella malattia, ma prega il Signore ed Egli ti guarir\u00e0. Poi ricorri pure al medico, perch\u00e9 il Signore ha creato anche lui: non stia lontano da te, poich\u00e9 c\u2019\u00e8 bisogno di lui. \u00a0(Siracide 38, 9-12) Benvenuti sul sito &#8220;Studio di Medicina Generale&#8221; del dott. Giuseppe Caruso &nbsp; Vi auguriamo una fruizione dei [&hellip;]<\/p>\n","protected":false},"author":579,"featured_media":0,"parent":0,"menu_order":-1,"comment_status":"closed","ping_status":"closed","template":"","meta":{"footnotes":""},"class_list":["post-2","page","type-page","status-publish","hentry"],"_links":{"self":[{"href":"https:\/\/docsites.cgmlife.com\/1426002856383\/wp-json\/wp\/v2\/pages\/2","targetHints":{"allow":["GET"]}}],"collection":[{"href":"https:\/\/docsites.cgmlife.com\/1426002856383\/wp-json\/wp\/v2\/pages"}],"about":[{"href":"https:\/\/docsites.cgmlife.com\/1426002856383\/wp-json\/wp\/v2\/types\/page"}],"author":[{"embeddable":true,"href":"https:\/\/docsites.cgmlife.com\/1426002856383\/wp-json\/wp\/v2\/users\/579"}],"replies":[{"embeddable":true,"href":"https:\/\/docsites.cgmlife.com\/1426002856383\/wp-json\/wp\/v2\/comments?post=2"}],"version-history":[{"count":10,"href":"https:\/\/docsites.cgmlife.com\/1426002856383\/wp-json\/wp\/v2\/pages\/2\/revisions"}],"predecessor-version":[{"id":152,"href":"https:\/\/docsites.cgmlife.com\/1426002856383\/wp-json\/wp\/v2\/pages\/2\/revisions\/152"}],"wp:attachment":[{"href":"https:\/\/docsites.cgmlife.com\/1426002856383\/wp-json\/wp\/v2\/media?parent=2"}],"curies":[{"name":"wp","href":"https:\/\/api.w.org\/{rel}","templated":true}]}}