{"id":231,"date":"2015-06-08T17:45:02","date_gmt":"2015-06-08T15:45:02","guid":{"rendered":"http:\/\/docsites.cgmlife.com\/1428563051383\/?page_id=231"},"modified":"2023-11-15T15:19:20","modified_gmt":"2023-11-15T13:19:20","slug":"fusciardi-dottoressa-rosaria","status":"publish","type":"page","link":"https:\/\/docsites.cgmlife.com\/1428563051383\/fusciardi-dottoressa-rosaria\/","title":{"rendered":"3 &#8211; Dottoressa Rosaria Fusciardi"},"content":{"rendered":"\n<figure class=\"wp-block-image\"><a href=\"http:\/\/docsites.cgmlife.com\/1428563051383\/wp-content\/uploads\/sites\/545\/2015\/06\/Rosaria.jpg\"><img loading=\"lazy\" decoding=\"async\" width=\"134\" height=\"180\" src=\"http:\/\/docsites.cgmlife.com\/1428563051383\/wp-content\/uploads\/sites\/545\/2015\/06\/Rosaria.jpg\" alt=\"Rosaria\" class=\"wp-image-250\"\/><\/a><\/figure>\n\n\n\n<p>La salute non \u00e8 tutto, ma senza salute tutto \u00e8 niente! <em>(Schopenauer)<\/em><\/p>\n\n\n\n<h2 class=\"wp-block-heading\">DAL 01 GENNAIO 2016<\/h2>\n\n\n\n<p><strong>Orario della dottoressa Rosaria Fusciardi<\/strong><\/p>\n\n\n\n<figure class=\"wp-block-table\"><table><tbody><tr><td><strong>Luned\u00ec<\/strong><\/td><td class=\"has-text-align-center\" data-align=\"center\">10.00 \u2013 13.00<\/td><td class=\"has-text-align-center\" data-align=\"center\">==<\/td><td class=\"has-text-align-center\" data-align=\"center\">==<\/td><\/tr><tr><td><strong>Marted\u00ec<\/strong><\/td><td class=\"has-text-align-center\" data-align=\"center\">==<\/td><td class=\"has-text-align-center\" data-align=\"center\">13.00 \u2013 16.00<\/td><td class=\"has-text-align-center\" data-align=\"center\">==<\/td><\/tr><tr><td><strong>Mercoled\u00ec<\/strong><\/td><td class=\"has-text-align-center\" data-align=\"center\">10.00 \u2013 13.00<\/td><td class=\"has-text-align-center\" data-align=\"center\">==<\/td><td class=\"has-text-align-center\" data-align=\"center\">==<\/td><\/tr><tr><td><strong>Gioved\u00ec<\/strong><\/td><td class=\"has-text-align-center\" data-align=\"center\">==<\/td><td class=\"has-text-align-center\" data-align=\"center\">==<\/td><td class=\"has-text-align-center\" data-align=\"center\">16.00 \u2013 19.00<\/td><\/tr><tr><td><strong>Venerd\u00ec<\/strong><\/td><td class=\"has-text-align-center\" data-align=\"center\">10.00 \u2013 13.00<\/td><td class=\"has-text-align-center\" data-align=\"center\">==<\/td><td class=\"has-text-align-center\" data-align=\"center\">==<\/td><\/tr><\/tbody><\/table><\/figure>\n\n\n\n<p>Si riceve per appuntamento (prenotarsi in segreteria).<\/p>\n\n\n\n<p>Per richieste di visite domiciliari telefonare allo studio dalle ore 08.00 alle ore 10.00 del mattino.<\/p>\n\n\n\n<div class=\"wp-block-columns is-layout-flex wp-container-core-columns-is-layout-9d6595d7 wp-block-columns-is-layout-flex\">\n<div class=\"wp-block-column is-layout-flow wp-block-column-is-layout-flow\">\n<p class=\"has-text-align-right\"><strong>Tel:<\/strong><\/p>\n\n\n\n<p class=\"has-text-align-right\"><strong>E-mail:<\/strong><\/p>\n\n\n\n<p class=\"has-text-align-right\"><strong>Fax:<\/strong><\/p>\n\n\n\n<p class=\"has-text-align-right\"><strong>Site WEB:<\/strong><\/p>\n<\/div>\n\n\n\n<div class=\"wp-block-column is-layout-flow wp-block-column-is-layout-flow\">\n<p>\u00a006.7154.4546<\/p>\n\n\n\n<p>rf1511@outlook.it<\/p>\n\n\n\n<p>\u00a006.7158.8183<\/p>\n\n\n\n<p><a href=\"http:\/\/www.studiomedicoviabonfante.it\/\">www.studiomedicoviabonfante.it<\/a><\/p>\n<\/div>\n<\/div>\n","protected":false},"excerpt":{"rendered":"<p>La salute non \u00e8 tutto, ma senza salute tutto \u00e8 niente! (Schopenauer) DAL 01 GENNAIO 2016 Orario della dottoressa Rosaria Fusciardi Luned\u00ec 10.00 \u2013 13.00 == == Marted\u00ec == 13.00 \u2013 16.00 == Mercoled\u00ec 10.00 \u2013 13.00 == == Gioved\u00ec == == 16.00 \u2013 19.00 Venerd\u00ec 10.00 \u2013 13.00 == == Si riceve per appuntamento [&hellip;]<\/p>\n","protected":false},"author":581,"featured_media":0,"parent":0,"menu_order":0,"comment_status":"closed","ping_status":"closed","template":"","meta":{"footnotes":""},"class_list":["post-231","page","type-page","status-publish","hentry"],"_links":{"self":[{"href":"https:\/\/docsites.cgmlife.com\/1428563051383\/wp-json\/wp\/v2\/pages\/231","targetHints":{"allow":["GET"]}}],"collection":[{"href":"https:\/\/docsites.cgmlife.com\/1428563051383\/wp-json\/wp\/v2\/pages"}],"about":[{"href":"https:\/\/docsites.cgmlife.com\/1428563051383\/wp-json\/wp\/v2\/types\/page"}],"author":[{"embeddable":true,"href":"https:\/\/docsites.cgmlife.com\/1428563051383\/wp-json\/wp\/v2\/users\/581"}],"replies":[{"embeddable":true,"href":"https:\/\/docsites.cgmlife.com\/1428563051383\/wp-json\/wp\/v2\/comments?post=231"}],"version-history":[{"count":12,"href":"https:\/\/docsites.cgmlife.com\/1428563051383\/wp-json\/wp\/v2\/pages\/231\/revisions"}],"predecessor-version":[{"id":334,"href":"https:\/\/docsites.cgmlife.com\/1428563051383\/wp-json\/wp\/v2\/pages\/231\/revisions\/334"}],"wp:attachment":[{"href":"https:\/\/docsites.cgmlife.com\/1428563051383\/wp-json\/wp\/v2\/media?parent=231"}],"curies":[{"name":"wp","href":"https:\/\/api.w.org\/{rel}","templated":true}]}}