{"id":6,"date":"2015-11-20T14:30:02","date_gmt":"2015-11-20T12:30:02","guid":{"rendered":"http:\/\/docsites.cgmlife.com\/medistar\/?page_id=6"},"modified":"2024-10-31T15:25:14","modified_gmt":"2024-10-31T14:25:14","slug":"hausarztpraxis-gerd-saltzer-dres-med-philipp-millich-martina-bruno-4","status":"publish","type":"page","link":"https:\/\/docsites.cgmlife.com\/143385570840\/hausarztpraxis-gerd-saltzer-dres-med-philipp-millich-martina-bruno-4\/","title":{"rendered":"Praxis"},"content":{"rendered":"\n<h2 class=\"wp-block-heading\">Praxis<\/h2>\n\n\n\n<p>Dr. Martina Bruno<\/p>\n\n\n\n<p>Felix Maximilian He\u00dfland<br>Br\u00fchlstra\u00dfe 23<br>35684 Dillenburg-Frohnhausen<br>Tel: +49 (2771) 265 69-0<br>Fax: +49 (2771) 265 69-44<\/p>\n\n\n\n<p>E-Mail:  <a href=\"mailto:hausaerzte-frohnhausen@t-online.de\" target=\"_blank\" rel=\"noreferrer noopener\">hausaerzte-frohnhausen@t-online.de<\/a><\/p>\n\n\n\n<h2 class=\"wp-block-heading\">Unsere Sprechzeiten<\/h2>\n\n\n\n<figure class=\"wp-block-table\"><table><thead><tr><th>&nbsp;<\/th><th>Vormittag<\/th><th>Nachmittag<\/th><\/tr><\/thead><tbody><tr><td>Montag<\/td><td>08:00 &#8211; 12:00 Uhr<\/td><td><\/td><\/tr><tr><td>Dienstag<\/td><td>08:00 &#8211; 12:00 Uhr<\/td><td>15:30 &#8211; 18:00 Uhr<\/td><\/tr><tr><td>Mittwoch<\/td><td>08:00 &#8211; 12:00 Uhr<\/td><td>&nbsp;<\/td><\/tr><tr><td>Donnerstag<\/td><td>08:00 &#8211; 12:00 Uhr<\/td><td>15:30 &#8211; 18:00 Uhr<\/td><\/tr><tr><td>Freitag<\/td><td>08:00 &#8211; 12:00 Uhr<\/td><td>&nbsp;<\/td><\/tr><\/tbody><\/table><\/figure>\n\n\n\n<p>Weitere Termine nach Vereinbarung. Au\u00dferhalb der Sprechzeiten wenden Sie sich bitte an den \u00e4rztlichen Notdienst unter der Telefonnummer 116 117.<\/p>\n","protected":false},"excerpt":{"rendered":"<p>Praxis Dr. Martina Bruno Felix Maximilian He\u00dflandBr\u00fchlstra\u00dfe 2335684 Dillenburg-FrohnhausenTel: +49 (2771) 265 69-0Fax: +49 (2771) 265 69-44 E-Mail: hausaerzte-frohnhausen@t-online.de Unsere Sprechzeiten &nbsp; Vormittag Nachmittag Montag 08:00 &#8211; 12:00 Uhr Dienstag 08:00 &#8211; 12:00 Uhr 15:30 &#8211; 18:00 Uhr Mittwoch 08:00 &#8211; 12:00 Uhr &nbsp; Donnerstag 08:00 &#8211; 12:00 Uhr 15:30 &#8211; 18:00 Uhr Freitag 08:00 [&hellip;]<\/p>\n","protected":false},"author":594,"featured_media":0,"parent":0,"menu_order":0,"comment_status":"closed","ping_status":"closed","template":"","meta":{"footnotes":""},"class_list":["post-6","page","type-page","status-publish","hentry"],"_links":{"self":[{"href":"https:\/\/docsites.cgmlife.com\/143385570840\/wp-json\/wp\/v2\/pages\/6","targetHints":{"allow":["GET"]}}],"collection":[{"href":"https:\/\/docsites.cgmlife.com\/143385570840\/wp-json\/wp\/v2\/pages"}],"about":[{"href":"https:\/\/docsites.cgmlife.com\/143385570840\/wp-json\/wp\/v2\/types\/page"}],"author":[{"embeddable":true,"href":"https:\/\/docsites.cgmlife.com\/143385570840\/wp-json\/wp\/v2\/users\/594"}],"replies":[{"embeddable":true,"href":"https:\/\/docsites.cgmlife.com\/143385570840\/wp-json\/wp\/v2\/comments?post=6"}],"version-history":[{"count":25,"href":"https:\/\/docsites.cgmlife.com\/143385570840\/wp-json\/wp\/v2\/pages\/6\/revisions"}],"predecessor-version":[{"id":521,"href":"https:\/\/docsites.cgmlife.com\/143385570840\/wp-json\/wp\/v2\/pages\/6\/revisions\/521"}],"wp:attachment":[{"href":"https:\/\/docsites.cgmlife.com\/143385570840\/wp-json\/wp\/v2\/media?parent=6"}],"curies":[{"name":"wp","href":"https:\/\/api.w.org\/{rel}","templated":true}]}}