{"id":2,"date":"2015-12-17T08:44:34","date_gmt":"2015-12-17T08:44:34","guid":{"rendered":"http:\/\/docsites.cgmlife.com\/1450339549615\/?page_id=2"},"modified":"2016-01-07T16:39:34","modified_gmt":"2016-01-07T15:39:34","slug":"home","status":"publish","type":"page","link":"https:\/\/docsites.cgmlife.com\/1450339549615\/home\/","title":{"rendered":"Home"},"content":{"rendered":"<h1>Benvenuti al nostro Studio Medico Virtuale<\/h1>\n<p>&nbsp;<\/p>\n<div id=\"id1661\">\n<div>Benvenuti al nostro sito Studio Medico Dottor Sergio Vai\u00a0in Torino. Vi aguriamo una fruizione dei contenuti chiara ed istruttiva . Navigando nel men\u00f9 principale \u00e8 possibile ottenere informazioni in merito alle nostre potenzialit\u00e0, al nostro studio, alla nostra equipe, ai servizi offerti e, naturalmente, anche sull\u2019ubicazione dello studio. E\u2019 possibile anche prenotare delle visite online. Al momento, per il corretto utilizzo del sito, \u00e8 necessaria la versione gratuita di <a href=\"http:\/\/get.adobe.com\/it\/flashplayer\/\" target=\"browseedit\">Flash Player<\/a> della Adobe, che \u00e8 gi\u00e0 presente sul 98% dei computer che utilizzano internet.<\/div>\n<div><\/div>\n<div>E\u2019\u00a0disponibile anche la versione HTML compatibile anche con i dispositivi mobili (Smartphone e Tablet) che non supportano Flash Player.<\/div>\n<\/div>\n","protected":false},"excerpt":{"rendered":"<p>Benvenuti al nostro Studio Medico Virtuale &nbsp; Benvenuti al nostro sito Studio Medico Dottor Sergio Vai\u00a0in Torino. Vi aguriamo una fruizione dei contenuti chiara ed istruttiva . Navigando nel men\u00f9 principale \u00e8 possibile ottenere informazioni in merito alle nostre potenzialit\u00e0, al nostro studio, alla nostra equipe, ai servizi offerti e, naturalmente, anche sull\u2019ubicazione dello studio. [&hellip;]<\/p>\n","protected":false},"author":621,"featured_media":0,"parent":0,"menu_order":0,"comment_status":"closed","ping_status":"closed","template":"","meta":{"footnotes":""},"class_list":["post-2","page","type-page","status-publish","hentry"],"_links":{"self":[{"href":"https:\/\/docsites.cgmlife.com\/1450339549615\/wp-json\/wp\/v2\/pages\/2","targetHints":{"allow":["GET"]}}],"collection":[{"href":"https:\/\/docsites.cgmlife.com\/1450339549615\/wp-json\/wp\/v2\/pages"}],"about":[{"href":"https:\/\/docsites.cgmlife.com\/1450339549615\/wp-json\/wp\/v2\/types\/page"}],"author":[{"embeddable":true,"href":"https:\/\/docsites.cgmlife.com\/1450339549615\/wp-json\/wp\/v2\/users\/621"}],"replies":[{"embeddable":true,"href":"https:\/\/docsites.cgmlife.com\/1450339549615\/wp-json\/wp\/v2\/comments?post=2"}],"version-history":[{"count":4,"href":"https:\/\/docsites.cgmlife.com\/1450339549615\/wp-json\/wp\/v2\/pages\/2\/revisions"}],"predecessor-version":[{"id":8,"href":"https:\/\/docsites.cgmlife.com\/1450339549615\/wp-json\/wp\/v2\/pages\/2\/revisions\/8"}],"wp:attachment":[{"href":"https:\/\/docsites.cgmlife.com\/1450339549615\/wp-json\/wp\/v2\/media?parent=2"}],"curies":[{"name":"wp","href":"https:\/\/api.w.org\/{rel}","templated":true}]}}