{"id":203,"date":"2017-04-04T10:25:58","date_gmt":"2017-04-04T08:25:58","guid":{"rendered":"http:\/\/docsites.cgmlife.com\/147325057143\/?page_id=203"},"modified":"2020-08-17T09:55:02","modified_gmt":"2020-08-17T07:55:02","slug":"aktuell-2","status":"publish","type":"page","link":"https:\/\/docsites.cgmlife.com\/147325057143\/aktuell-2\/","title":{"rendered":"Aktuelles"},"content":{"rendered":"<p>&nbsp;<\/p>\n<p><span style=\"color: #ff0000;font-size: xx-large\">ACHTUNG INFEKTIONSSCHUTZ:<\/span><\/p>\n<p><span style=\"color: #ff0000;font-size: xx-large\">Nehmen Sie &#8211; wann immer m\u00f6glich &#8211; erst telefonischen Kontakt mit uns auf und kommen nicht<\/span><\/p>\n<p><span style=\"color: #ff0000;font-size: xx-large\">unangemeldet.<\/span><\/p>\n<p><span style=\"color: #ff0000;font-size: xx-large\">Aufgrund der aktuellen Pandemie ist der Zutritt zur Praxis nur <strong><em>einzeln<\/em><\/strong> nach Klingeln an der<\/span><\/p>\n<p><span style=\"color: #ff0000;font-size: xx-large\">Eingangst\u00fcr m\u00f6glich.<\/span><\/p>\n<p><span style=\"color: #ff0000;font-size: large\">Folgen Sie dann den Anweisungen unserer Mitarbeiter an der Gegensprechanlage.<\/span><\/p>\n<div id=\"id1661\">Vielen Dank f\u00fcr Ihr Verst\u00e4ndnis!<\/div>\n<div><span style=\"color: #ff0000;font-size: large\">\u00a0<\/span><\/div>\n<p>&nbsp;<\/p>\n<div><span style=\"font-size: large;color: #ff0000\">\u00a0<\/span><\/div>\n<p>&nbsp;<\/p>\n<div><span style=\"font-size: large;color: #ff0000\">\u00a0<\/span><\/div>\n<p>&nbsp;<\/p>\n<p><span style=\"font-size: large;color: #ff0000\">\u00a0<\/span><\/p>\n<p>&nbsp;<\/p>\n","protected":false},"excerpt":{"rendered":"<p>&nbsp; ACHTUNG INFEKTIONSSCHUTZ: Nehmen Sie &#8211; wann immer m\u00f6glich &#8211; erst telefonischen Kontakt mit uns auf und kommen nicht unangemeldet. Aufgrund der aktuellen Pandemie ist der Zutritt zur Praxis nur einzeln nach Klingeln an der Eingangst\u00fcr m\u00f6glich. Folgen Sie dann den Anweisungen unserer Mitarbeiter an der Gegensprechanlage. Vielen Dank f\u00fcr Ihr Verst\u00e4ndnis! \u00a0 &nbsp; \u00a0 [&hellip;]<\/p>\n","protected":false},"author":653,"featured_media":0,"parent":0,"menu_order":0,"comment_status":"closed","ping_status":"closed","template":"","meta":{"footnotes":""},"class_list":["post-203","page","type-page","status-publish","hentry"],"_links":{"self":[{"href":"https:\/\/docsites.cgmlife.com\/147325057143\/wp-json\/wp\/v2\/pages\/203","targetHints":{"allow":["GET"]}}],"collection":[{"href":"https:\/\/docsites.cgmlife.com\/147325057143\/wp-json\/wp\/v2\/pages"}],"about":[{"href":"https:\/\/docsites.cgmlife.com\/147325057143\/wp-json\/wp\/v2\/types\/page"}],"author":[{"embeddable":true,"href":"https:\/\/docsites.cgmlife.com\/147325057143\/wp-json\/wp\/v2\/users\/653"}],"replies":[{"embeddable":true,"href":"https:\/\/docsites.cgmlife.com\/147325057143\/wp-json\/wp\/v2\/comments?post=203"}],"version-history":[{"count":23,"href":"https:\/\/docsites.cgmlife.com\/147325057143\/wp-json\/wp\/v2\/pages\/203\/revisions"}],"predecessor-version":[{"id":205,"href":"https:\/\/docsites.cgmlife.com\/147325057143\/wp-json\/wp\/v2\/pages\/203\/revisions\/205"}],"wp:attachment":[{"href":"https:\/\/docsites.cgmlife.com\/147325057143\/wp-json\/wp\/v2\/media?parent=203"}],"curies":[{"name":"wp","href":"https:\/\/api.w.org\/{rel}","templated":true}]}}