{"id":2,"date":"2013-02-05T09:30:54","date_gmt":"2013-02-05T07:30:54","guid":{"rendered":"http:\/\/docsites.cgmlife.com\/medistar\/?page_id=2"},"modified":"2023-01-11T15:59:35","modified_gmt":"2023-01-11T13:59:35","slug":"beispiel-seite","status":"publish","type":"page","link":"https:\/\/docsites.cgmlife.com\/1495007094313\/","title":{"rendered":"\u00davod"},"content":{"rendered":"<div id=\"id242\">\n<div id=\"id242\">\n<h1>V\u00edtejte na str\u00e1nk\u00e1ch na\u0161\u00ed ordinace.<\/h1>\n<\/div>\n<div><\/div>\n<div id=\"id1661\">\n<div>Na na\u0161ich str\u00e1nk\u00e1ch naleznete informace o na\u0161\u00ed ordinaci, p\u0159ehled poskytovan\u00fdch slu\u017eeb, ordina\u010dn\u00ed dobu, informace o na\u0161em t\u00fdmu a v neposledn\u00ed \u0159ad\u011b tak\u00e9 aktuality t\u00fdkaj\u00edc\u00ed se provozu na\u0161\u00ed ordinace. Na\u0161e str\u00e1nky V\u00e1m poskytuj\u00ed tak\u00e9 mo\u017enost vyu\u017eit\u00ed on-line slu\u017eeb CGM LIFE eSERVICES, jako jsou elektronick\u00e9 objedn\u00e1vky n\u00e1v\u0161t\u011bv a dal\u0161\u00ed bezpe\u010dn\u00e1 on-line komunikace s l\u00e9ka\u0159em.<\/div>\n<div>\nTestovac\u00ed &#8211; gynekologie Testovac\u00ed &#8211; gynekologie, Brno.<\/div>\n<\/div>\n<\/div>\n","protected":false},"excerpt":{"rendered":"<p>V\u00edtejte na str\u00e1nk\u00e1ch na\u0161\u00ed ordinace. Na na\u0161ich str\u00e1nk\u00e1ch naleznete informace o na\u0161\u00ed ordinaci, p\u0159ehled poskytovan\u00fdch slu\u017eeb, ordina\u010dn\u00ed dobu, informace o na\u0161em t\u00fdmu a v neposledn\u00ed \u0159ad\u011b tak\u00e9 aktuality t\u00fdkaj\u00edc\u00ed se provozu na\u0161\u00ed ordinace. Na\u0161e str\u00e1nky V\u00e1m poskytuj\u00ed tak\u00e9 mo\u017enost vyu\u017eit\u00ed on-line slu\u017eeb CGM LIFE eSERVICES, jako jsou elektronick\u00e9 objedn\u00e1vky n\u00e1v\u0161t\u011bv a dal\u0161\u00ed bezpe\u010dn\u00e1 on-line komunikace [&hellip;]<\/p>\n","protected":false},"author":627,"featured_media":0,"parent":0,"menu_order":-1,"comment_status":"closed","ping_status":"closed","template":"","meta":{"footnotes":""},"class_list":["post-2","page","type-page","status-publish","hentry"],"_links":{"self":[{"href":"https:\/\/docsites.cgmlife.com\/1495007094313\/wp-json\/wp\/v2\/pages\/2","targetHints":{"allow":["GET"]}}],"collection":[{"href":"https:\/\/docsites.cgmlife.com\/1495007094313\/wp-json\/wp\/v2\/pages"}],"about":[{"href":"https:\/\/docsites.cgmlife.com\/1495007094313\/wp-json\/wp\/v2\/types\/page"}],"author":[{"embeddable":true,"href":"https:\/\/docsites.cgmlife.com\/1495007094313\/wp-json\/wp\/v2\/users\/627"}],"replies":[{"embeddable":true,"href":"https:\/\/docsites.cgmlife.com\/1495007094313\/wp-json\/wp\/v2\/comments?post=2"}],"version-history":[{"count":1,"href":"https:\/\/docsites.cgmlife.com\/1495007094313\/wp-json\/wp\/v2\/pages\/2\/revisions"}],"predecessor-version":[{"id":125,"href":"https:\/\/docsites.cgmlife.com\/1495007094313\/wp-json\/wp\/v2\/pages\/2\/revisions\/125"}],"wp:attachment":[{"href":"https:\/\/docsites.cgmlife.com\/1495007094313\/wp-json\/wp\/v2\/media?parent=2"}],"curies":[{"name":"wp","href":"https:\/\/api.w.org\/{rel}","templated":true}]}}