{"id":2,"date":"2013-02-05T09:30:54","date_gmt":"2013-02-05T07:30:54","guid":{"rendered":"http:\/\/docsites.cgmlife.com\/medistar\/?page_id=2"},"modified":"2016-05-06T17:34:21","modified_gmt":"2016-05-06T15:34:21","slug":"uvod","status":"publish","type":"page","link":"https:\/\/docsites.cgmlife.com\/maskova\/","title":{"rendered":"\u00davod"},"content":{"rendered":"<div id=\"id242\">\n<h1>GaP MUDr.Rita Ma\u0161kov\u00e1 s.r.o<\/h1>\n<p>domovsk\u00e1 str\u00e1nka gynekologicko-porodnick\u00e9 ambulance<\/p>\n<p>Gynekologicko porodnick\u00e1 ambulance zaji\u0161\u0165uje kompletn\u00ed p\u00e9\u010di o \u017eenu.<\/p>\n<ul>\n<li>Preventivn\u00ed prohl\u00eddky<\/li>\n<li>T\u011bhotenstv\u00ed<\/li>\n<li>\u0160estined\u011bl\u00ed<\/li>\n<li>Hormon\u00e1ln\u00ed poruchy<\/li>\n<li>Z\u00e1n\u011bty<\/li>\n<li>Klimakterium<\/li>\n<li>Antikoncepce<\/li>\n<li>O\u010dkov\u00e1n\u00ed proti HPV<\/li>\n<li>Konzultace<\/li>\n<\/ul>\n<\/div>\n","protected":false},"excerpt":{"rendered":"<p>GaP MUDr.Rita Ma\u0161kov\u00e1 s.r.o domovsk\u00e1 str\u00e1nka gynekologicko-porodnick\u00e9 ambulance Gynekologicko porodnick\u00e1 ambulance zaji\u0161\u0165uje kompletn\u00ed p\u00e9\u010di o \u017eenu. Preventivn\u00ed prohl\u00eddky T\u011bhotenstv\u00ed \u0160estined\u011bl\u00ed Hormon\u00e1ln\u00ed poruchy Z\u00e1n\u011bty Klimakterium Antikoncepce O\u010dkov\u00e1n\u00ed proti HPV Konzultace<\/p>\n","protected":false},"author":637,"featured_media":0,"parent":0,"menu_order":-1,"comment_status":"closed","ping_status":"closed","template":"","meta":{"footnotes":""},"class_list":["post-2","page","type-page","status-publish","hentry"],"_links":{"self":[{"href":"https:\/\/docsites.cgmlife.com\/maskova\/wp-json\/wp\/v2\/pages\/2","targetHints":{"allow":["GET"]}}],"collection":[{"href":"https:\/\/docsites.cgmlife.com\/maskova\/wp-json\/wp\/v2\/pages"}],"about":[{"href":"https:\/\/docsites.cgmlife.com\/maskova\/wp-json\/wp\/v2\/types\/page"}],"author":[{"embeddable":true,"href":"https:\/\/docsites.cgmlife.com\/maskova\/wp-json\/wp\/v2\/users\/637"}],"replies":[{"embeddable":true,"href":"https:\/\/docsites.cgmlife.com\/maskova\/wp-json\/wp\/v2\/comments?post=2"}],"version-history":[{"count":6,"href":"https:\/\/docsites.cgmlife.com\/maskova\/wp-json\/wp\/v2\/pages\/2\/revisions"}],"predecessor-version":[{"id":162,"href":"https:\/\/docsites.cgmlife.com\/maskova\/wp-json\/wp\/v2\/pages\/2\/revisions\/162"}],"wp:attachment":[{"href":"https:\/\/docsites.cgmlife.com\/maskova\/wp-json\/wp\/v2\/media?parent=2"}],"curies":[{"name":"wp","href":"https:\/\/api.w.org\/{rel}","templated":true}]}}