{"id":6,"date":"2013-02-05T11:33:02","date_gmt":"2013-02-05T09:33:02","guid":{"rendered":"http:\/\/docsites.cgmlife.com\/medistar\/?page_id=6"},"modified":"2023-11-14T15:12:28","modified_gmt":"2023-11-14T13:12:28","slug":"ordinace","status":"publish","type":"page","link":"https:\/\/docsites.cgmlife.com\/maskova\/ordinace\/","title":{"rendered":"Ordinace"},"content":{"rendered":"\n<h1 class=\"wp-block-heading\">Ordinace<\/h1>\n\n\n\n<p>konzulta\u010dn\u00ed hodiny<\/p>\n\n\n\n<figure class=\"wp-block-table\"><table><thead><tr><th><\/th><th>dopoledne<\/th><th>odpoledne<\/th><\/tr><\/thead><tbody><tr><td>pond\u011bl\u00ed<\/td><td>7:00 &#8211; 12:00<\/td><td>12:30 &#8211; 15:00<\/td><\/tr><tr><td>\u00fater\u00fd<\/td><td>7:00 &#8211; 12:00<\/td><td>12:00 &#8211; 16:00<\/td><\/tr><tr><td>st\u0159eda<\/td><td><\/td><td>12:00 &#8211; 18:00<\/td><\/tr><tr><td>\u010dtvrtek<\/td><td>7:00 &#8211; 14:00<\/td><td><\/td><\/tr><tr><td>p\u00e1tek<\/td><td>7:00 &#8211; 13:00<\/td><td><\/td><\/tr><\/tbody><\/table><\/figure>\n\n\n\n<p>K vy\u0161et\u0159en\u00ed je t\u0159eba objedn\u00e1n\u00ed pacientky telefonicky nebo online<\/p>\n\n\n\n<p>Telefon: 354433671<\/p>\n","protected":false},"excerpt":{"rendered":"<p>Ordinace konzulta\u010dn\u00ed hodiny dopoledne odpoledne pond\u011bl\u00ed 7:00 &#8211; 12:00 12:30 &#8211; 15:00 \u00fater\u00fd 7:00 &#8211; 12:00 12:00 &#8211; 16:00 st\u0159eda 12:00 &#8211; 18:00 \u010dtvrtek 7:00 &#8211; 14:00 p\u00e1tek 7:00 &#8211; 13:00 K vy\u0161et\u0159en\u00ed je t\u0159eba objedn\u00e1n\u00ed pacientky telefonicky nebo online Telefon: 354433671<\/p>\n","protected":false},"author":637,"featured_media":0,"parent":0,"menu_order":0,"comment_status":"closed","ping_status":"closed","template":"","meta":{"footnotes":""},"class_list":["post-6","page","type-page","status-publish","hentry"],"_links":{"self":[{"href":"https:\/\/docsites.cgmlife.com\/maskova\/wp-json\/wp\/v2\/pages\/6","targetHints":{"allow":["GET"]}}],"collection":[{"href":"https:\/\/docsites.cgmlife.com\/maskova\/wp-json\/wp\/v2\/pages"}],"about":[{"href":"https:\/\/docsites.cgmlife.com\/maskova\/wp-json\/wp\/v2\/types\/page"}],"author":[{"embeddable":true,"href":"https:\/\/docsites.cgmlife.com\/maskova\/wp-json\/wp\/v2\/users\/637"}],"replies":[{"embeddable":true,"href":"https:\/\/docsites.cgmlife.com\/maskova\/wp-json\/wp\/v2\/comments?post=6"}],"version-history":[{"count":9,"href":"https:\/\/docsites.cgmlife.com\/maskova\/wp-json\/wp\/v2\/pages\/6\/revisions"}],"predecessor-version":[{"id":170,"href":"https:\/\/docsites.cgmlife.com\/maskova\/wp-json\/wp\/v2\/pages\/6\/revisions\/170"}],"wp:attachment":[{"href":"https:\/\/docsites.cgmlife.com\/maskova\/wp-json\/wp\/v2\/media?parent=6"}],"curies":[{"name":"wp","href":"https:\/\/api.w.org\/{rel}","templated":true}]}}