{"id":6,"date":"2013-02-05T11:33:02","date_gmt":"2013-02-05T09:33:02","guid":{"rendered":"http:\/\/docsites.cgmlife.com\/medistar\/?page_id=6"},"modified":"2024-12-03T13:51:00","modified_gmt":"2024-12-03T11:51:00","slug":"ordinace","status":"publish","type":"page","link":"https:\/\/docsites.cgmlife.com\/nushart\/ordinace\/","title":{"rendered":"Ordinace"},"content":{"rendered":"<div id=\"id841\">\n<div id=\"id841\">\n<h1>Ordinace<\/h1>\n<\/div>\n<div id=\"id3413\">\n<table border=\"0\">\n<caption>ordina\u010dn\u00ed hodiny<\/caption>\n<thead>\n<tr>\n<th><\/th>\n<th>dopoledne<\/th>\n<th>odpoledne<\/th>\n<\/tr>\n<\/thead>\n<tfoot>\n<tr>\n<td>p\u00e1tek<\/td>\n<td style=\"text-align: center;\">08:00 &#8211; 13:00<\/td>\n<td><\/td>\n<\/tr>\n<\/tfoot>\n<tbody>\n<tr>\n<td>pond\u011bl\u00ed<\/td>\n<td style=\"text-align: center;\">\u00a0pouze odpoledne<\/td>\n<td>14:00 &#8211; 18:00<\/td>\n<\/tr>\n<tr>\n<td>\u00fater\u00fd<\/td>\n<td style=\"text-align: center;\">08:00 &#8211; 13:00<\/td>\n<td>13:30 &#8211; 15:30 (EEG + telefonn\u00ed konzultace)<\/td>\n<\/tr>\n<tr>\n<td>s\u0159eda<\/td>\n<td style=\"text-align: center;\">07:00 &#8211; 13:00<\/td>\n<td>13:30 &#8211; 14:30 (EEG + telefonn\u00ed konzultace)<\/td>\n<\/tr>\n<tr>\n<td>\u010dtvrtek<\/td>\n<td style=\"text-align: center;\">08:00 &#8211; 13:00<\/td>\n<td>13:30 &#8211; 15:30 (telefonn\u00ed konzultace)<\/td>\n<\/tr>\n<\/tbody>\n<\/table>\n<\/div>\n<p id=\"id3537\">\n<\/div>\n<p>Pros\u00edme domluvte i akutn\u00ed n\u00e1v\u0161t\u011bvu p\u0159edem telefonicky na <strong>266 010 170<\/strong>.<\/p>\n<p>V\u00fdjimkou je neodkladn\u00e9 vy\u0161et\u0159en\u00ed na \u017e\u00e1dost STATIM z t\u00e9ho\u017e dne.<\/p>\n","protected":false},"excerpt":{"rendered":"<p>Ordinace ordina\u010dn\u00ed hodiny dopoledne odpoledne p\u00e1tek 08:00 &#8211; 13:00 pond\u011bl\u00ed \u00a0pouze odpoledne 14:00 &#8211; 18:00 \u00fater\u00fd 08:00 &#8211; 13:00 13:30 &#8211; 15:30 (EEG + telefonn\u00ed konzultace) s\u0159eda 07:00 &#8211; 13:00 13:30 &#8211; 14:30 (EEG + telefonn\u00ed konzultace) \u010dtvrtek 08:00 &#8211; 13:00 13:30 &#8211; 15:30 (telefonn\u00ed konzultace) Pros\u00edme domluvte i akutn\u00ed n\u00e1v\u0161t\u011bvu p\u0159edem telefonicky na 266 [&hellip;]<\/p>\n","protected":false},"author":563,"featured_media":0,"parent":0,"menu_order":0,"comment_status":"closed","ping_status":"closed","template":"","meta":{"footnotes":""},"class_list":["post-6","page","type-page","status-publish","hentry"],"_links":{"self":[{"href":"https:\/\/docsites.cgmlife.com\/nushart\/wp-json\/wp\/v2\/pages\/6","targetHints":{"allow":["GET"]}}],"collection":[{"href":"https:\/\/docsites.cgmlife.com\/nushart\/wp-json\/wp\/v2\/pages"}],"about":[{"href":"https:\/\/docsites.cgmlife.com\/nushart\/wp-json\/wp\/v2\/types\/page"}],"author":[{"embeddable":true,"href":"https:\/\/docsites.cgmlife.com\/nushart\/wp-json\/wp\/v2\/users\/563"}],"replies":[{"embeddable":true,"href":"https:\/\/docsites.cgmlife.com\/nushart\/wp-json\/wp\/v2\/comments?post=6"}],"version-history":[{"count":11,"href":"https:\/\/docsites.cgmlife.com\/nushart\/wp-json\/wp\/v2\/pages\/6\/revisions"}],"predecessor-version":[{"id":174,"href":"https:\/\/docsites.cgmlife.com\/nushart\/wp-json\/wp\/v2\/pages\/6\/revisions\/174"}],"wp:attachment":[{"href":"https:\/\/docsites.cgmlife.com\/nushart\/wp-json\/wp\/v2\/media?parent=6"}],"curies":[{"name":"wp","href":"https:\/\/api.w.org\/{rel}","templated":true}]}}