{"id":2,"date":"2013-02-05T09:30:54","date_gmt":"2013-02-05T07:30:54","guid":{"rendered":"http:\/\/docsites.cgmlife.com\/medistar\/?page_id=2"},"modified":"2024-06-27T10:18:02","modified_gmt":"2024-06-27T08:18:02","slug":"uvod","status":"publish","type":"page","link":"https:\/\/docsites.cgmlife.com\/puvl\/","title":{"rendered":"\u00davod"},"content":{"rendered":"\n<h1 class=\"wp-block-heading\">V\u00edtejte na str\u00e1nk\u00e1ch na\u0161\u00ed ordinace.<\/h1>\n\n\n\n<p><strong><mark style=\"background-color:rgba(0, 0, 0, 0)\" class=\"has-inline-color has-vivid-red-color\">DOVOLEN\u00c1<\/mark><\/strong><br><mark style=\"background-color:rgba(0, 0, 0, 0)\" class=\"has-inline-color has-vivid-red-color\"><strong>1.7. &#8211; 12.7.2024<\/strong><\/mark><br><mark style=\"background-color:rgba(0, 0, 0, 0)\" class=\"has-inline-color has-vivid-red-color\"><strong>5.8. &#8211; 16.8.2024<\/strong><br><strong>ZASTUPUJ\u00cdC\u00cd L\u00c9KA\u0158<\/strong>: <strong>MUDr. Michaela Ma\u0159\u00edkov\u00e1<\/strong>, <strong>Pra\u017esk\u00e1 1144, \u00davaly 250 82<\/strong>, <strong>Telefon: +420 281 982 853<\/strong><br><strong>POUZE AKUTN\u00cd P\u0158\u00cdPADY!<\/strong><\/mark><\/p>\n\n\n\n<p><em>MUDr. HRAB\u00c1NKOV\u00c1<\/em><\/p>\n\n\n\n<p>Na\u0161i modern\u011b vybavenou ordinaci se sesternou a \u010dek\u00e1rnou najdete &nbsp;v budov\u011b zrekonstruovan\u00e9 polikliniky v \u00davalech. Provozujeme rodinn\u00e9 zdravotnick\u00e9 za\u0159\u00edzen\u00ed a klademe d\u016fraz p\u0159edev\u0161\u00edm na kvalitu poskytovan\u00fdch slu\u017eeb a vst\u0159\u00edcn\u00fd p\u0159\u00edstup k pacient\u016fm. Na na\u0161ich str\u00e1nk\u00e1ch naleznete informace o na\u0161\u00ed ordinaci, p\u0159ehled poskytovan\u00fdch slu\u017eeb, ordina\u010dn\u00ed dobu, informace o na\u0161em t\u00fdmu a v neposledn\u00ed \u0159ad\u011b tak\u00e9 aktuality t\u00fdkaj\u00edc\u00ed se provozu na\u0161\u00ed ordinace. Na\u0161e str\u00e1nky V\u00e1m poskytuj\u00ed tak\u00e9 mo\u017enost vyu\u017eit\u00ed on-line slu\u017eeb CGM ClickDoc, co\u017e jsou elektronick\u00e9 objedn\u00e1vky n\u00e1v\u0161t\u011bv.<\/p>\n\n\n\n<h3 class=\"wp-block-heading\"><strong>N\u00e1\u0161 t\u00fdm a ordinace<\/strong><\/h3>\n\n\n\n<h4 class=\"wp-block-heading\"><strong>MUDr. Irena T\u011b\u0161\u00edkov\u00e1<\/strong><\/h4>\n\n\n\n<ul class=\"wp-block-list\">\n<li>atestace z oboru v\u0161eobecn\u00e9 praktick\u00e9 l\u00e9ka\u0159stv\u00ed<\/li>\n\n\n\n<li>kolem 40 let praxe v oboru<\/li>\n\n\n\n<li>vlastn\u00ed od roku 2008 akreditaci Ministerstva zdravotnictv\u00ed ke vzd\u011bl\u00e1v\u00e1n\u00ed, tj. opr\u00e1vn\u011bn\u00ed \u0161kolit budouc\u00ed praktick\u00e9 l\u00e9ka\u0159e.<\/li>\n\n\n\n<li>Diplom celo\u017eivotn\u00edho vzd\u011bl\u00e1v\u00e1n\u00ed<\/li>\n<\/ul>\n\n\n\n<h4 class=\"wp-block-heading\"><strong>MUDr. Petra Hrab\u00e1nkov\u00e1<\/strong><\/h4>\n\n\n\n<p>Jsem l\u00e9ka\u0159ka s atestac\u00ed v oboru v\u0161eobecn\u00e9 praktick\u00e9 l\u00e9ka\u0159stv\u00ed v rodinn\u00e9 ordinaci na kraji Prahy. V ordinaci se pohybuji&nbsp; od d\u011btstv\u00ed , tak\u017ee&nbsp; po gymn\u00e1ziu byla medic\u00edna jednozna\u010dnou volbou. V\u017edy jsem se zaj\u00edmala hloub\u011bji&nbsp; o biologii a \u017eivotospr\u00e1vu. V pr\u016fb\u011bhu posledn\u00edch let nab\u00fdv\u00e1m dojmu, \u017ee klasick\u00e1 medic\u00edna \u010dasto&nbsp;nenab\u00edz\u00ed \u0159e\u0161en\u00ed chronick\u00fdch nemoc\u00ed. Ve sv\u00e9 praxi zaznamen\u00e1v\u00e1m zejm\u00e9na obrovsk\u00fd n\u00e1r\u016fst autoimunitn\u00edch nemoc\u00ed, co\u017e nastane tehdy, kdy t\u011blo bojuje proti sob\u011b. V\u011bnuji&nbsp;se tedy i tzv.&nbsp;&#8222;funk\u010dn\u00ed medic\u00edn\u011b&#8220;, kter\u00e1 se sna\u017e\u00ed hledat p\u0159\u00ed\u010dinu nemoci a jej\u00ed mo\u017en\u00e9 \u0159e\u0161en\u00ed v kontextu dan\u00e9ho pacienta.&nbsp; Funk\u010dn\u00ed medic\u00edna&nbsp; podporuje&nbsp;tzv.&nbsp;osu psycho -neuro- endo-imunogenn\u00ed.&nbsp; L\u00e9ka\u0159 je v roli pr\u016fvodce zm\u011bny, kterou ale mus\u00ed pacient ud\u011blat s\u00e1m.&nbsp; Tedy krom\u011b klasick\u00e9 medic\u00edny&nbsp;&nbsp;nab\u00edz\u00edm mo\u017enost&nbsp; celostn\u00edho p\u0159\u00edstupu.&nbsp; Dle Hippokrata: &#8222;Je zbyte\u010dn\u00e9 l\u00e9\u010dit oko bez hlavy, hlavu bez t\u011bla a t\u011blo bez du\u0161e&#8220;.<\/p>\n\n\n\n<ul class=\"wp-block-list\">\n<li>atestace v oboru v\u0161eobecn\u00e9 praktick\u00e9 l\u00e9ka\u0159stv\u00ed<\/li>\n\n\n\n<li>certifik\u00e1t k p\u00e9\u010di o nekomplikovan\u00e9 diabetiky II. typu<\/li>\n\n\n\n<li>Diplom celo\u017eivotn\u00ed vzd\u011bl\u00e1v\u00e1n\u00ed<\/li>\n\n\n\n<li>licence \u010cesk\u00e9 l\u00e9ka\u0159sk\u00e9 komory pro funkci odborn\u00e9ho z\u00e1stupce<\/li>\n\n\n\n<li>AKREDITACE dle rozhodnut\u00ed MZ\u010cR&nbsp; &nbsp;kterou se v souladu s \u00a7 13 odst. 1 p\u00edsm. a) z\u00e1kona \u010d. 95\/2004 Sb. z\u00edsk\u00e1v\u00e1 opr\u00e1vn\u011bn\u00ed k prov\u00e1d\u011bn\u00ed vzd\u011bl\u00e1v\u00e1n\u00ed v z\u00e1kladn\u00edm kmeni&nbsp; I N T E R N \u00cd&nbsp; &nbsp; a&nbsp; V \u0160 E O B E C N \u00c9&nbsp; P R A K T I C K \u00c9&nbsp; L \u00c9 K A \u0158 S T V \u00cd<\/li>\n\n\n\n<li>absolventka s\u00e9rie kurz\u016f Psychosomatika pro praktick\u00e9 l\u00e9ka\u0159e<\/li>\n\n\n\n<li>certifik\u00e1t Funk\u010dn\u00ed v\u00fd\u017eiva a N\u00e1stroje funk\u010dn\u00ed medic\u00edny<\/li>\n\n\n\n<li>certifika\u010dn\u00ed kurz DNA life&nbsp; Nordic laboratories<\/li>\n\n\n\n<li>Sebezku\u0161enostn\u00ed skupina 2020\/2021&nbsp;<\/li>\n\n\n\n<li>MBSR- Osmit\u00fddenn\u00ed&nbsp; program p\u0159i \u010cLK&nbsp; 27\/9\/22- 15\/11\/2022<\/li>\n<\/ul>\n\n\n\n<h4 class=\"wp-block-heading\"><strong>\u0160\u00e1rka Moravcov\u00e1<\/strong><\/h4>\n\n\n\n<p>Jmenuji se \u0160\u00e1rka Moravcov\u00e1, je mi 38 let a jsem Va\u0161e nov\u00e1 zdravotn\u00ed sestra od 1.5.2023. Poch\u00e1z\u00edm z mal\u00e9 vesni\u010dky bl\u00edzko Havl\u00ed\u010dkova Brodu. Vystudovala jsem st\u0159edn\u00ed zdravotnickou \u0161kolu v Havl\u00ed\u010dkov\u011b Brod\u011b. Po \u0161kole jsem nastoupila do domova pro seniory, kde jsem pracovala skoro 20 let. V kv\u011btnu roku 2023 jsem se p\u0159est\u011bhovala do Prahy a hledala jsem jakou cestou se vydat, a tak jsem nastoupila jako zdravotn\u00ed sestra k MUDr. Hrab\u00e1nkov\u00e9. M\u00fdm \u017eivotn\u00edm posl\u00e1n\u00edm je pom\u00e1hat druh\u00fdm lidem a ve voln\u00e9m \u010dase r\u00e1da sportuji.<\/p>\n","protected":false},"excerpt":{"rendered":"<p>V\u00edtejte na str\u00e1nk\u00e1ch na\u0161\u00ed ordinace. DOVOLEN\u00c11.7. &#8211; 12.7.20245.8. &#8211; 16.8.2024ZASTUPUJ\u00cdC\u00cd L\u00c9KA\u0158: MUDr. Michaela Ma\u0159\u00edkov\u00e1, Pra\u017esk\u00e1 1144, \u00davaly 250 82, Telefon: +420 281 982 853POUZE AKUTN\u00cd P\u0158\u00cdPADY! MUDr. HRAB\u00c1NKOV\u00c1 Na\u0161i modern\u011b vybavenou ordinaci se sesternou a \u010dek\u00e1rnou najdete &nbsp;v budov\u011b zrekonstruovan\u00e9 polikliniky v \u00davalech. Provozujeme rodinn\u00e9 zdravotnick\u00e9 za\u0159\u00edzen\u00ed a klademe d\u016fraz p\u0159edev\u0161\u00edm na kvalitu poskytovan\u00fdch slu\u017eeb [&hellip;]<\/p>\n","protected":false},"author":546,"featured_media":0,"parent":0,"menu_order":-1,"comment_status":"closed","ping_status":"closed","template":"","meta":{"footnotes":""},"class_list":["post-2","page","type-page","status-publish","hentry"],"_links":{"self":[{"href":"https:\/\/docsites.cgmlife.com\/puvl\/wp-json\/wp\/v2\/pages\/2","targetHints":{"allow":["GET"]}}],"collection":[{"href":"https:\/\/docsites.cgmlife.com\/puvl\/wp-json\/wp\/v2\/pages"}],"about":[{"href":"https:\/\/docsites.cgmlife.com\/puvl\/wp-json\/wp\/v2\/types\/page"}],"author":[{"embeddable":true,"href":"https:\/\/docsites.cgmlife.com\/puvl\/wp-json\/wp\/v2\/users\/546"}],"replies":[{"embeddable":true,"href":"https:\/\/docsites.cgmlife.com\/puvl\/wp-json\/wp\/v2\/comments?post=2"}],"version-history":[{"count":38,"href":"https:\/\/docsites.cgmlife.com\/puvl\/wp-json\/wp\/v2\/pages\/2\/revisions"}],"predecessor-version":[{"id":1046,"href":"https:\/\/docsites.cgmlife.com\/puvl\/wp-json\/wp\/v2\/pages\/2\/revisions\/1046"}],"wp:attachment":[{"href":"https:\/\/docsites.cgmlife.com\/puvl\/wp-json\/wp\/v2\/media?parent=2"}],"curies":[{"name":"wp","href":"https:\/\/api.w.org\/{rel}","templated":true}]}}

Úvod

<h1 class="wp-block-heading">Vítejte na stránkách naší ordinace.</h1>



<p><strong><mark style="background-color:rgba(0, 0, 0, 0)" class="has-inline-color has-vivid-red-color">DOVOLENÁ</mark></strong><br><mark style="background-color:rgba(0, 0, 0, 0)" class="has-inline-color has-vivid-red-color"><strong>1.7. &#8211; 12.7.2024</strong></mark><br><mark style="background-color:rgba(0, 0, 0, 0)" class="has-inline-color has-vivid-red-color"><strong>5.8. &#8211; 16.8.2024</strong><br><strong>ZASTUPUJÍCÍ LÉKAŘ</strong>: <strong>MUDr. Michaela Maříková</strong>, <strong>Pražská 1144, Úvaly 250 82</strong>, <strong>Telefon: +420 281 982 853</strong><br><strong>POUZE AKUTNÍ PŘÍPADY!</strong></mark></p>



<p><em>MUDr. HRABÁNKOVÁ</em></p>



<p>Naši moderně vybavenou ordinaci se sesternou a čekárnou najdete &nbsp;v budově zrekonstruované polikliniky v Úvalech. Provozujeme rodinné zdravotnické zařízení a klademe důraz především na kvalitu poskytovaných služeb a vstřícný přístup k pacientům. Na našich stránkách naleznete informace o naší ordinaci, přehled poskytovaných služeb, ordinační dobu, informace o našem týmu a v neposlední řadě také aktuality týkající se provozu naší ordinace. Naše stránky Vám poskytují také možnost využití on-line služeb CGM ClickDoc, což jsou elektronické objednávky návštěv.</p>



<h3 class="wp-block-heading"><strong>Náš tým a ordinace</strong></h3>



<h4 class="wp-block-heading"><strong>MUDr. Irena Těšíková</strong></h4>



<ul class="wp-block-list">
<li>atestace z oboru všeobecné praktické lékařství</li>



<li>kolem 40 let praxe v oboru</li>



<li>vlastní od roku 2008 akreditaci Ministerstva zdravotnictví ke vzdělávání, tj. oprávnění školit budoucí praktické lékaře.</li>



<li>Diplom celoživotního vzdělávání</li>
</ul>



<h4 class="wp-block-heading"><strong>MUDr. Petra Hrabánková</strong></h4>



<p>Jsem lékařka s atestací v oboru všeobecné praktické lékařství v rodinné ordinaci na kraji Prahy. V ordinaci se pohybuji&nbsp; od dětství , takže&nbsp; po gymnáziu byla medicína jednoznačnou volbou. Vždy jsem se zajímala hlouběji&nbsp; o biologii a životosprávu. V průběhu posledních let nabývám dojmu, že klasická medicína často&nbsp;nenabízí řešení chronických nemocí. Ve své praxi zaznamenávám zejména obrovský nárůst autoimunitních nemocí, což nastane tehdy, kdy tělo bojuje proti sobě. Věnuji&nbsp;se tedy i tzv.&nbsp;&#8222;funkční medicíně&#8220;, která se snaží hledat příčinu nemoci a její možné řešení v kontextu daného pacienta.&nbsp; Funkční medicína&nbsp; podporuje&nbsp;tzv.&nbsp;osu psycho -neuro- endo-imunogenní.&nbsp; Lékař je v roli průvodce změny, kterou ale musí pacient udělat sám.&nbsp; Tedy kromě klasické medicíny&nbsp;&nbsp;nabízím možnost&nbsp; celostního přístupu.&nbsp; Dle Hippokrata: &#8222;Je zbytečné léčit oko bez hlavy, hlavu bez těla a tělo bez duše&#8220;.</p>



<ul class="wp-block-list">
<li>atestace v oboru všeobecné praktické lékařství</li>



<li>certifikát k péči o nekomplikované diabetiky II. typu</li>



<li>Diplom celoživotní vzdělávání</li>



<li>licence České lékařské komory pro funkci odborného zástupce</li>



<li>AKREDITACE dle rozhodnutí MZČR&nbsp; &nbsp;kterou se v souladu s § 13 odst. 1 písm. a) zákona č. 95/2004 Sb. získává oprávnění k provádění vzdělávání v základním kmeni&nbsp; I N T E R N Í&nbsp; &nbsp; a&nbsp; V Š E O B E C N É&nbsp; P R A K T I C K É&nbsp; L É K A Ř S T V Í</li>



<li>absolventka série kurzů Psychosomatika pro praktické lékaře</li>



<li>certifikát Funkční výživa a Nástroje funkční medicíny</li>



<li>certifikační kurz DNA life&nbsp; Nordic laboratories</li>



<li>Sebezkušenostní skupina 2020/2021&nbsp;</li>



<li>MBSR- Osmitýdenní&nbsp; program při ČLK&nbsp; 27/9/22- 15/11/2022</li>
</ul>



<h4 class="wp-block-heading"><strong>Šárka Moravcová</strong></h4>



<p>Jmenuji se Šárka Moravcová, je mi 38 let a jsem Vaše nová zdravotní sestra od 1.5.2023. Pocházím z malé vesničky blízko Havlíčkova Brodu. Vystudovala jsem střední zdravotnickou školu v Havlíčkově Brodě. Po škole jsem nastoupila do domova pro seniory, kde jsem pracovala skoro 20 let. V květnu roku 2023 jsem se přestěhovala do Prahy a hledala jsem jakou cestou se vydat, a tak jsem nastoupila jako zdravotní sestra k MUDr. Hrabánkové. Mým životním posláním je pomáhat druhým lidem a ve volném čase ráda sportuji.</p>

<p>Vítejte na stránkách naší ordinace. DOVOLENÁ1.7. &#8211; 12.7.20245.8. &#8211; 16.8.2024ZASTUPUJÍCÍ LÉKAŘ: MUDr. Michaela Maříková, Pražská 1144, Úvaly 250 82, Telefon: +420 281 982 853POUZE AKUTNÍ PŘÍPADY! MUDr. HRABÁNKOVÁ Naši moderně vybavenou ordinaci se sesternou a čekárnou najdete &nbsp;v budově zrekonstruované polikliniky v Úvalech. Provozujeme rodinné zdravotnické zařízení a klademe důraz především na kvalitu poskytovaných služeb [&hellip;]</p>
